{"id":169,"date":"2018-07-13T15:43:21","date_gmt":"2018-07-13T15:43:21","guid":{"rendered":"http:\/\/dev.pedroreis.net\/gesvespa\/?page_id=169"},"modified":"2019-01-16T13:02:04","modified_gmt":"2019-01-16T13:02:04","slug":"vigilancia-activa","status":"publish","type":"page","link":"https:\/\/projects.iniav.pt\/gesvespa\/vigilancia-activa\/","title":{"rendered":"Vigil\u00e2ncia ativa"},"content":{"rendered":"<h1>Vigil\u00e2ncia ativa<\/h1>\n<p>A rede de vigil\u00e2ncia ativa GESVESPA \u00e9 definida pela instala\u00e7\u00e3o de armadilhas entomol\u00f3gicas com isco alimentar (modelo V\u00e9to-pharma), na \u00e1rea do projeto, a NUTII Norte e todos os concelhos adjacentes da NUTII Centro. Esta \u00e1rea foi dividida em quadr\u00edculas de 10x10Km, num total de 224 quadr\u00edculas e no centro das quais se definiu um ponto central georreferenciado, o centr\u00f3ide (ver nos mapas e na hiperliga\u00e7\u00e3o abaixo), permitindo a realiza\u00e7\u00e3o de cartografia da invas\u00e3o, caracteriza\u00e7\u00e3o da biologia e da ecologia da esp\u00e9cie no Norte de Portugal e identifica\u00e7\u00e3o de \u00e1reas priorit\u00e1rias para a localiza\u00e7\u00e3o precoce de ninhos prim\u00e1rios ou de ninhos em fase inicial de constitui\u00e7\u00e3o.<\/p>\n<p>Instalada em 178 api\u00e1rios sentinela, nesta rede, sob coordena\u00e7\u00e3o da FNAP e com a participa\u00e7\u00e3o das suas associadas, nomeadamente as associa\u00e7\u00f5es AGUIARFLORESTA &#8211; Associa\u00e7\u00e3o Florestal e Ambiental de Vila Pouca de Aguiar, APICAVE &#8211; Associa\u00e7\u00e3o de Apicultores do C\u00e1vado e Ave, APIMIL \u2013 Associa\u00e7\u00e3o dos Apicultores de Entre-Douro e Minho, Associa\u00e7\u00e3o de Apicultores da Beira Alta, CAPOLIB \u2013 Cooperativa Agr\u00edcola de Boticas, Associa\u00e7\u00e3o dos Apicultores do Parque Natural Douro Internacional, Associa\u00e7\u00e3o dos Apicultores do Litoral Centro, Associa\u00e7\u00e3o de Produtores Florestais de Montemuro e Paiva, Associa\u00e7\u00e3o dos Apicultores do Parque Natural de Montesinho, MONTIMEL \u2013 Cooperativa dos Apicultores do Alto T\u00e2mega, Associa\u00e7\u00e3o dos Apicultores do Nordeste e Cooperativa dos Produtores de Mel da Terra Quente e Frutos Secos, efetuou-se a recolha quinzenal das amostras, seu acondicionamento e envio para o laborat\u00f3rio do INIAV para an\u00e1lise.<\/p>\n<p>As 46 quadr\u00edculas onde n\u00e3o foi poss\u00edvel instalar armadilhas est\u00e3o representadas com preenchimento a cor-de-rosa com transpar\u00eancia, n\u00e3o apresentando dados.<\/p>\n<p><a href=\"\/gesvespa\/wp-content\/uploads\/2019\/01\/Bases_monitorizacaoGesvespaINIAV_FNAP.pdf\" target=\"_blank\" rel=\"noopener\">A\u00e7\u00e3o 2: Monitoriza\u00e7\u00e3o\/Vigil\u00e2ncia ativa (FNAP e INIAV)<\/a><\/p>\n<p>Na plataforma WEBSIG que se segue podemos analisar a evolu\u00e7\u00e3o quinzenal dos valores acumulados das capturas de <em>Vespa velutina<\/em> nas armadilhas instaladas em 178 api\u00e1rios sentinela, no per\u00edodo de setembro de 2016 a maio de 2018. Os dados ser\u00e3o atualizados em tempo real at\u00e9 \u00e0 finaliza\u00e7\u00e3o do projeto.<\/p>\n<p>A aplica\u00e7\u00e3o SIG permite consultar todos os dados que se encontram representados, bem como, interagir com a escala temporal dos dados e a velocidade da anima\u00e7\u00e3o.<\/p>\n<div class=\"embed-container\"><iframe loading=\"lazy\" title=\"Mapa GESVESPA - Vigil\u00e2ncia Ativa - Evolu\u00e7\u00e3o Cronol\u00f3gica - Acumulado\" src=\"https:\/\/portalgeo.iniav.pt\/portal\/apps\/TimeAware\/index.html?appid=8f6eecbc272e4483b171861567bac292&amp;extent=-10.3826,40.6301,-4.6367,42.5364&amp;home=true&amp;zoom=true&amp;previewImage=false&amp;scale=true&amp;search=true&amp;searchextent=true&amp;legendlayers=true&amp;basemap_gallery=true&amp;disable_scroll=true&amp;theme=light\" width=\"500\" height=\"400\" frameborder=\"0\" marginwidth=\"0\" marginheight=\"0\" scrolling=\"no\"><\/iframe><\/div>\n<p>&nbsp;<\/p>\n<p>Na plataforma WEBSIG que se segue podemos analisar um mapa de calor (heatmap) com a evolu\u00e7\u00e3o quinzenal dos valores das capturas de <em>Vespa velutina<\/em> nas armadilhas instaladas em 178 api\u00e1rios sentinela, no per\u00edodo de setembro de 2016 a maio de 2018. Os dados ser\u00e3o atualizados em tempo real at\u00e9 \u00e0 finaliza\u00e7\u00e3o do projeto.<\/p>\n<p>A aplica\u00e7\u00e3o SIG permite consultar todos os dados que se encontram representados, bem como, interagir com a escala temporal dos dados e a velocidade da anima\u00e7\u00e3o.<\/p>\n<div class=\"embed-container\"><iframe loading=\"lazy\" title=\"Mapa GESVESPA - Time Aware\" src=\"https:\/\/portalgeo.iniav.pt\/portal\/apps\/TimeAware\/index.html?appid=e17ee05d70dc4040b5a5e871c8f3b5eb\" width=\"500\" height=\"400\" frameborder=\"0\" marginwidth=\"0\" marginheight=\"0\" scrolling=\"no\"><\/iframe><\/div>\n","protected":false},"excerpt":{"rendered":"<p>Vigil\u00e2ncia ativa A rede de vigil\u00e2ncia ativa GESVESPA \u00e9 definida pela instala\u00e7\u00e3o de armadilhas entomol\u00f3gicas com isco alimentar (modelo V\u00e9to-pharma), na \u00e1rea do projeto, a NUTII Norte e todos os concelhos adjacentes da NUTII Centro. Esta \u00e1rea foi dividida em quadr\u00edculas de 10x10Km, num total de 224 quadr\u00edculas e no centro das quais se definiu [&hellip;]<\/p>\n","protected":false},"author":3,"featured_media":0,"parent":0,"menu_order":0,"comment_status":"closed","ping_status":"closed","template":"","meta":{"footnotes":""},"class_list":["post-169","page","type-page","status-publish","hentry"],"_links":{"self":[{"href":"https:\/\/projects.iniav.pt\/gesvespa\/wp-json\/wp\/v2\/pages\/169"}],"collection":[{"href":"https:\/\/projects.iniav.pt\/gesvespa\/wp-json\/wp\/v2\/pages"}],"about":[{"href":"https:\/\/projects.iniav.pt\/gesvespa\/wp-json\/wp\/v2\/types\/page"}],"author":[{"embeddable":true,"href":"https:\/\/projects.iniav.pt\/gesvespa\/wp-json\/wp\/v2\/users\/3"}],"replies":[{"embeddable":true,"href":"https:\/\/projects.iniav.pt\/gesvespa\/wp-json\/wp\/v2\/comments?post=169"}],"version-history":[{"count":55,"href":"https:\/\/projects.iniav.pt\/gesvespa\/wp-json\/wp\/v2\/pages\/169\/revisions"}],"predecessor-version":[{"id":2806,"href":"https:\/\/projects.iniav.pt\/gesvespa\/wp-json\/wp\/v2\/pages\/169\/revisions\/2806"}],"wp:attachment":[{"href":"https:\/\/projects.iniav.pt\/gesvespa\/wp-json\/wp\/v2\/media?parent=169"}],"curies":[{"name":"wp","href":"https:\/\/api.w.org\/{rel}","templated":true}]}}